
{"id":17738,"date":"2024-10-20T10:00:00","date_gmt":"2024-10-20T08:00:00","guid":{"rendered":"https:\/\/trinidad.salesianos.edu\/colegio\/?page_id=17738"},"modified":"2024-10-20T10:00:05","modified_gmt":"2024-10-20T08:00:05","slug":"programa-erasmus","status":"publish","type":"page","link":"https:\/\/trinidad.salesianos.edu\/colegio\/programa-erasmus\/","title":{"rendered":"Programa Erasmus+"},"content":{"rendered":"<p>[et_pb_section fb_built=\u00bb1&#8243; fullwidth=\u00bbon\u00bb _builder_version=\u00bb4.16&#8243; _module_preset=\u00bbdefault\u00bb global_colors_info=\u00bb{}\u00bb theme_builder_area=\u00bbpost_content\u00bb][et_pb_fullwidth_header title=\u00bbPrograma Erasmus\u00bb text_orientation=\u00bbright\u00bb _builder_version=\u00bb4.16&#8243; _module_preset=\u00bbdefault\u00bb title_text_align=\u00bbright\u00bb title_font_size=\u00bb40px\u00bb background_color=\u00bbrgba(155,155,155,0.5)\u00bb background_image=\u00bbhttps:\/\/trinidad.salesianos.edu\/colegio\/wp-content\/uploads\/sites\/11\/2021\/10\/d_026-01-Convertido.jpg\u00bb background_size=\u00bbinitial\u00bb background_repeat=\u00bbrepeat-y\u00bb background_blend=\u00bbmultiply\u00bb title_text_shadow_style=\u00bbpreset1&#8243; global_colors_info=\u00bb{}\u00bb theme_builder_area=\u00bbpost_content\u00bb]<\/p>\n<p>&nbsp;<\/p>\n<p>&nbsp;<\/p>\n<p>&nbsp;<\/p>\n<p>&nbsp;<\/p>\n<p>&nbsp;<\/p>\n<p>&nbsp;<\/p>\n<p>&nbsp;<\/p>\n<p>&nbsp;<\/p>\n<p>&nbsp;<\/p>\n<p>&nbsp;<\/p>\n<p>&nbsp;<\/p>\n<p>&nbsp;<\/p>\n<p>[\/et_pb_fullwidth_header][\/et_pb_section][et_pb_section fb_built=\u00bb1&#8243; _builder_version=\u00bb4.16&#8243; custom_padding=\u00bb||0px|||\u00bb global_colors_info=\u00bb{}\u00bb theme_builder_area=\u00bbpost_content\u00bb][et_pb_row _builder_version=\u00bb4.16&#8243; _module_preset=\u00bbdefault\u00bb global_colors_info=\u00bb{}\u00bb theme_builder_area=\u00bbpost_content\u00bb][et_pb_column type=\u00bb4_4&#8243; _builder_version=\u00bb4.16&#8243; _module_preset=\u00bbdefault\u00bb global_colors_info=\u00bb{}\u00bb theme_builder_area=\u00bbpost_content\u00bb][et_pb_text _builder_version=\u00bb4.16&#8243; _module_preset=\u00bbdefault\u00bb text_font=\u00bbRubik|700|||||||\u00bb text_text_color=\u00bb#E02B20&#8243; text_font_size=\u00bb34px\u00bb global_colors_info=\u00bb{}\u00bb theme_builder_area=\u00bbpost_content\u00bb]<\/p>\n<p>Erasmus Policy Statement<\/p>\n<p>[\/et_pb_text][et_pb_tabs _builder_version=\u00bb4.16&#8243; _module_preset=\u00bbdefault\u00bb global_colors_info=\u00bb{}\u00bb theme_builder_area=\u00bbpost_content\u00bb][et_pb_tab title=\u00bb\u00bfQu\u00e9 es ERASMUS +?\u00bb _builder_version=\u00bb4.16&#8243; _module_preset=\u00bbdefault\u00bb global_colors_info=\u00bb{}\u00bb theme_builder_area=\u00bbpost_content\u00bb]<\/p>\n<p style=\"text-align: justify;\"><span>El\u00a0Parlamento Europeo ha aprobado el programa Erasmus + para el per\u00edodo 2014-2020, que entr\u00f3 en vigor el 1 de enero de 2014.<\/span><\/p>\n<p style=\"text-align: justify;\"><span>El nuevo programa Erasmus + se enmarca en la estrategia Europa 2020, en la estrategia Educaci\u00f3n y Formaci\u00f3n 2020 y en la estrategia Rethinking Education y engloba todas las iniciativas de educaci\u00f3n, formaci\u00f3n, juventud y deporte.<\/span><\/p>\n<p style=\"text-align: justify;\"><span>En materia educativa abarca todos los niveles: escolar, formaci\u00f3n profesional, ense\u00f1anza superior y formaci\u00f3n de personas adultas.<\/span><\/p>\n<p style=\"text-align: justify;\"><span>Erasmus + integrar\u00e1 los programas existentes en el Programa de Aprendizaje Permanente y tambi\u00e9n los programas de educaci\u00f3n superior internacional: Mundus, Tempus, ALFA, Edulink y programas bilaterales, adem\u00e1s del Programa Juventud en Acci\u00f3n.<\/span><\/p>\n<p style=\"text-align: justify;\"><span>Este nuevo programa se centra en el aprendizaje formal e informal m\u00e1s all\u00e1 de las fronteras de la UE, con una clara vocaci\u00f3n de internacionalizaci\u00f3n abri\u00e9ndose a terceros pa\u00edses con el objetivo de mejorar las capacidades educativas y formativas de las personas para la empleabilidad de estudiantes, profesorado y trabajadores y trabajadoras.<\/span><\/p>\n<p>[\/et_pb_tab][et_pb_tab title=\u00bb\u00bfD\u00f3nde puedo encontrar informaci\u00f3n?\u00bb _builder_version=\u00bb4.16&#8243; _module_preset=\u00bbdefault\u00bb link_option_url_new_window=\u00bbon\u00bb global_colors_info=\u00bb{}\u00bb theme_builder_area=\u00bbpost_content\u00bb]<\/p>\n<p style=\"text-align: justify;\">En el siguiente enlace os podreis informar de todo lo relacionado con\u00a0 Erasmus+: <a href=\"http:\/\/sepie.es\/\">www.sepie.es<\/a><\/p>\n<p style=\"text-align: justify;\">[\/et_pb_tab][et_pb_tab title=\u00bbErasmus Policy Statement\u00bb _builder_version=\u00bb4.16&#8243; _module_preset=\u00bbdefault\u00bb global_colors_info=\u00bb{}\u00bb theme_builder_area=\u00bbpost_content\u00bb]<\/p>\n<p>Puedes descargar el documento pinchando <a href=\"https:\/\/trinidad.salesianos.edu\/colegio\/wp-content\/uploads\/sites\/11\/2021\/11\/Erasmus-Policy-Statement.pdf\">aqu\u00ed<\/a><\/p>\n<p>[\/et_pb_tab][et_pb_tab title=\u00bbCarta Erasmus+  \u00bb _builder_version=\u00bb4.16&#8243; _module_preset=\u00bbdefault\u00bb background_enable_image=\u00bboff\u00bb parallax=\u00bbon\u00bb global_colors_info=\u00bb{}\u00bb theme_builder_area=\u00bbpost_content\u00bb]<\/p>\n<p style=\"text-align: justify;\">Descarga la carta Erasmus+ firmada con Salesianos Sant\u00edsima Trinidad para el periodo 2021-2027 <a href=\"https:\/\/trinidad.salesianos.edu\/colegio\/?post_type=wpdmpro&amp;p=11599&amp;preview=true\" target=\"_blank\" rel=\"noopener\" title=\"Carta Erasmus 2021-2027\">aqu\u00ed. <\/a><\/p>\n<p style=\"text-align: justify;\">Tambi\u00e9n puedes verla pinchando sobre la imagen<\/p>\n<p style=\"text-align: justify;\"><a href=\"https:\/\/trinidad.salesianos.edu\/colegio\/wp-content\/uploads\/sites\/11\/2021\/11\/1-Erasmus-Charter-for-Higher-Education_FIRMADA-1.pdf\"><img loading=\"lazy\" decoding=\"async\" src=\"https:\/\/trinidad.salesianos.edu\/colegio\/wp-content\/uploads\/sites\/11\/2024\/10\/1-Erasmus-Charter-for-Higher-Education_FIRMADA-1-1-212x300-1.jpg\" width=\"212\" height=\"300\" alt=\"\" class=\"wp-image-12764 alignnone size-medium\" \/> <img loading=\"lazy\" decoding=\"async\" src=\"https:\/\/trinidad.salesianos.edu\/colegio\/wp-content\/uploads\/sites\/11\/2024\/10\/1-Erasmus-Charter-for-Higher-Education_FIRMADA-1-2-212x300-1.jpg\" width=\"212\" height=\"300\" alt=\"\" class=\"wp-image-12765 alignnone size-medium\" \/><\/a><\/p>\n<p>[\/et_pb_tab][et_pb_tab title=\u00bbAcreditaci\u00f3n Erasmus+  \u00bb _builder_version=\u00bb4.16&#8243; _module_preset=\u00bbdefault\u00bb background_enable_image=\u00bboff\u00bb parallax=\u00bbon\u00bb link_option_url=\u00bbhttps:\/\/trinidad.salesianos.edu\/colegio\/wp-content\/uploads\/sites\/11\/2021\/11\/2020-1-ES01-KA120-VET-095024-scaled.jpg\u00bb global_colors_info=\u00bb{}\u00bb theme_builder_area=\u00bbpost_content\u00bb]<\/p>\n<p style=\"text-align: justify;\"><span>Documento que certifica que somos un centro Acreditado en Formaci\u00f3n Profesional con la \u00abAcreditaci\u00f3n Erasmus\u00bb, donde nuestros alumnos y profesores podr\u00e1n participar en diferentes programas Erasmus durante el periodo 2021-27.\u00a0<\/span><\/p>\n<p style=\"text-align: justify;\">Puedes verla pinchando sobre la imagen<\/p>\n<p style=\"text-align: justify;\"><a href=\"https:\/\/trinidad.salesianos.edu\/colegio\/wp-content\/uploads\/sites\/11\/2021\/11\/2020-1-ES01-KA120-VET-095024-scaled.jpg\">\u00a0<img loading=\"lazy\" decoding=\"async\" src=\"https:\/\/trinidad.salesianos.edu\/colegio\/wp-content\/uploads\/sites\/11\/2024\/10\/2020-1-ES01-KA120-VET-095024-300x212-1.jpg\" width=\"372\" height=\"263\" alt=\"\" class=\"wp-image-12783 alignnone size-medium\" \/><\/a><\/p>\n<p style=\"text-align: justify;\">[\/et_pb_tab][\/et_pb_tabs][\/et_pb_column][\/et_pb_row][et_pb_row _builder_version=\u00bb4.16&#8243; _module_preset=\u00bbdefault\u00bb global_colors_info=\u00bb{}\u00bb theme_builder_area=\u00bbpost_content\u00bb][et_pb_column type=\u00bb4_4&#8243; _builder_version=\u00bb4.16&#8243; _module_preset=\u00bbdefault\u00bb global_colors_info=\u00bb{}\u00bb theme_builder_area=\u00bbpost_content\u00bb][et_pb_text _builder_version=\u00bb4.16&#8243; _module_preset=\u00bbdefault\u00bb text_font=\u00bbRubik|700|||||||\u00bb text_text_color=\u00bb#E02B20&#8243; text_font_size=\u00bb34px\u00bb global_colors_info=\u00bb{}\u00bb theme_builder_area=\u00bbpost_content\u00bb]<\/p>\n<p>Conoce nuestros proyectos Eramus+<\/p>\n<p>[\/et_pb_text][\/et_pb_column][\/et_pb_row][et_pb_row _builder_version=\u00bb4.16&#8243; _module_preset=\u00bbdefault\u00bb global_colors_info=\u00bb{}\u00bb theme_builder_area=\u00bbpost_content\u00bb][et_pb_column type=\u00bb4_4&#8243; _builder_version=\u00bb4.16&#8243; _module_preset=\u00bbdefault\u00bb global_colors_info=\u00bb{}\u00bb theme_builder_area=\u00bbpost_content\u00bb][et_pb_slider _builder_version=\u00bb4.16&#8243; _module_preset=\u00bbdefault\u00bb header_text_align=\u00bbright\u00bb body_font=\u00bbCalligraffitti||||||||\u00bb body_text_align=\u00bbright\u00bb body_font_size=\u00bb28px\u00bb background_color=\u00bb#bababa\u00bb background_image=\u00bbhttps:\/\/trinidad.salesianos.edu\/colegio\/wp-content\/uploads\/sites\/11\/2021\/08\/colorful-1974699_1920.png\u00bb background_blend=\u00bbmultiply\u00bb custom_button=\u00bbon\u00bb button_text_size=\u00bb28px\u00bb button_text_color=\u00bb#E02B20&#8243; button_bg_color=\u00bb#FFFFFF\u00bb button_border_width=\u00bb0px\u00bb button_font=\u00bbAmatic SC|700|||||||\u00bb button_alignment=\u00bbright\u00bb link_option_url=\u00bbhttps:\/\/pzcs.eu\/\u00bb body_text_shadow_style=\u00bbpreset2&#8243; box_shadow_style_button=\u00bbpreset2&#8243; global_colors_info=\u00bb{}\u00bb theme_builder_area=\u00bbpost_content\u00bb][et_pb_slide heading=\u00bbProyecto K202&#8243; button_text=\u00bbCon\u00f3celo\u00bb button_link=\u00bbhttps:\/\/pzcs.eu\/\u00bb url_new_window=\u00bbon\u00bb _builder_version=\u00bb4.16&#8243; _module_preset=\u00bbdefault\u00bb link_option_url=\u00bbhttps:\/\/pzcs.eu\/\u00bb link_option_url_new_window=\u00bbon\u00bb global_colors_info=\u00bb{}\u00bb sticky_transition=\u00bbon\u00bb theme_builder_area=\u00bbpost_content\u00bb]<\/p>\n<p>\u00abInternational school cooperation, a chance for better vocational education\u00bb<\/p>\n<p>[\/et_pb_slide][\/et_pb_slider][\/et_pb_column][\/et_pb_row][et_pb_row _builder_version=\u00bb4.16&#8243; _module_preset=\u00bbdefault\u00bb global_colors_info=\u00bb{}\u00bb theme_builder_area=\u00bbpost_content\u00bb][et_pb_column type=\u00bb4_4&#8243; _builder_version=\u00bb4.16&#8243; _module_preset=\u00bbdefault\u00bb global_colors_info=\u00bb{}\u00bb theme_builder_area=\u00bbpost_content\u00bb][et_pb_text _builder_version=\u00bb4.16&#8243; _module_preset=\u00bbdefault\u00bb text_font=\u00bbRubik|700|||||||\u00bb text_text_color=\u00bb#E02B20&#8243; text_font_size=\u00bb34px\u00bb global_colors_info=\u00bb{}\u00bb theme_builder_area=\u00bbpost_content\u00bb]<\/p>\n<p>Noticias relacionadas\u00a0<\/p>\n<p>[\/et_pb_text][\/et_pb_column][\/et_pb_row][\/et_pb_section][et_pb_section fb_built=\u00bb1&#8243; fullwidth=\u00bbon\u00bb _builder_version=\u00bb4.16&#8243; _module_preset=\u00bbdefault\u00bb custom_padding=\u00bb||50px||false|false\u00bb global_colors_info=\u00bb{}\u00bb theme_builder_area=\u00bbpost_content\u00bb][et_pb_fullwidth_post_slider include_categories=\u00bb58&#8243; show_meta=\u00bboff\u00bb use_text_overlay=\u00bbon\u00bb text_border_radius=\u00bb14px\u00bb arrows_custom_color=\u00bb#FFFFFF\u00bb dot_nav_custom_color=\u00bb#FFFFFF\u00bb more_text_tablet=\u00bb\u00bb more_text_phone=\u00bb\u00bb more_text_last_edited=\u00bbon|desktop\u00bb _builder_version=\u00bb4.20.2&#8243; _module_preset=\u00bbdefault\u00bb custom_button=\u00bbon\u00bb button_text_size=\u00bb1px\u00bb button_text_color=\u00bbRGBA(0,0,0,0)\u00bb button_bg_color=\u00bbRGBA(0,0,0,0)\u00bb button_border_width=\u00bb0px\u00bb button_font=\u00bbAmatic SC|700|||||||\u00bb button_use_icon=\u00bboff\u00bb min_height=\u00bb603.6px\u00bb custom_margin=\u00bb|50px||50px|false|false\u00bb custom_padding=\u00bb50px||50px||false|false\u00bb global_colors_info=\u00bb{}\u00bb theme_builder_area=\u00bbpost_content\u00bb][\/et_pb_fullwidth_post_slider][\/et_pb_section]<\/p>\n","protected":false},"excerpt":{"rendered":"<p>&nbsp; &nbsp; &nbsp; &nbsp; &nbsp; &nbsp; &nbsp; &nbsp; &nbsp; &nbsp; &nbsp; &nbsp;Erasmus Policy StatementEl\u00a0Parlamento Europeo ha aprobado el programa Erasmus + para el per\u00edodo 2014-2020, que entr\u00f3 en vigor el 1 de enero de 2014. El nuevo programa Erasmus + se enmarca en la estrategia Europa 2020, en la estrategia Educaci\u00f3n y Formaci\u00f3n 2020 y [&hellip;]<\/p>\n","protected":false},"author":3,"featured_media":0,"parent":0,"menu_order":0,"comment_status":"closed","ping_status":"closed","template":"","meta":{"_et_pb_use_builder":"on","_et_pb_old_content":"","_et_gb_content_width":"","footnotes":""},"class_list":["post-17738","page","type-page","status-publish","hentry"],"yoast_head":"<!-- This site is optimized with the Yoast SEO plugin v27.3 - https:\/\/yoast.com\/product\/yoast-seo-wordpress\/ -->\n<title>Programa Erasmus+ - Colegio Salesianos Sant\u00edsima Trinidad<\/title>\n<meta name=\"robots\" content=\"index, follow, max-snippet:-1, max-image-preview:large, max-video-preview:-1\" \/>\n<link rel=\"canonical\" href=\"https:\/\/trinidad.salesianos.edu\/colegio\/programa-erasmus\/\" \/>\n<meta property=\"og:locale\" content=\"es_ES\" \/>\n<meta property=\"og:type\" content=\"article\" \/>\n<meta property=\"og:title\" content=\"Programa Erasmus+ - Colegio Salesianos Sant\u00edsima Trinidad\" \/>\n<meta property=\"og:description\" content=\"&nbsp; &nbsp; &nbsp; &nbsp; &nbsp; &nbsp; &nbsp; &nbsp; &nbsp; &nbsp; &nbsp; &nbsp;Erasmus Policy StatementEl\u00a0Parlamento Europeo ha aprobado el programa Erasmus + para el per\u00edodo 2014-2020, que entr\u00f3 en vigor el 1 de enero de 2014. El nuevo programa Erasmus + se enmarca en la estrategia Europa 2020, en la estrategia Educaci\u00f3n y Formaci\u00f3n 2020 y [&hellip;]\" \/>\n<meta property=\"og:url\" content=\"https:\/\/trinidad.salesianos.edu\/colegio\/programa-erasmus\/\" \/>\n<meta property=\"og:site_name\" content=\"Colegio Salesianos Sant\u00edsima Trinidad\" \/>\n<meta property=\"article:modified_time\" content=\"2024-10-20T08:00:05+00:00\" \/>\n<meta property=\"og:image\" content=\"https:\/\/trinidad.salesianos.edu\/colegio\/wp-content\/uploads\/sites\/11\/2021\/11\/1-Erasmus-Charter-for-Higher-Education_FIRMADA-1-1-scaled.jpg\" \/>\n\t<meta property=\"og:image:width\" content=\"1812\" \/>\n\t<meta property=\"og:image:height\" content=\"2560\" \/>\n\t<meta property=\"og:image:type\" content=\"image\/jpeg\" \/>\n<meta name=\"twitter:card\" content=\"summary_large_image\" \/>\n<meta name=\"twitter:label1\" content=\"Tiempo de lectura\" \/>\n\t<meta name=\"twitter:data1\" content=\"5 minutos\" \/>\n<script type=\"application\/ld+json\" class=\"yoast-schema-graph\">{\"@context\":\"https:\\\/\\\/schema.org\",\"@graph\":[{\"@type\":\"WebPage\",\"@id\":\"https:\\\/\\\/trinidad.salesianos.edu\\\/colegio\\\/programa-erasmus\\\/\",\"url\":\"https:\\\/\\\/trinidad.salesianos.edu\\\/colegio\\\/programa-erasmus\\\/\",\"name\":\"Programa Erasmus+ - Colegio Salesianos Sant\u00edsima Trinidad\",\"isPartOf\":{\"@id\":\"https:\\\/\\\/trinidad.salesianos.edu\\\/colegio\\\/#website\"},\"primaryImageOfPage\":{\"@id\":\"https:\\\/\\\/trinidad.salesianos.edu\\\/colegio\\\/programa-erasmus\\\/#primaryimage\"},\"image\":{\"@id\":\"https:\\\/\\\/trinidad.salesianos.edu\\\/colegio\\\/programa-erasmus\\\/#primaryimage\"},\"thumbnailUrl\":\"https:\\\/\\\/trinidad.salesianos.edu\\\/colegio\\\/wp-content\\\/uploads\\\/sites\\\/11\\\/2024\\\/10\\\/1-Erasmus-Charter-for-Higher-Education_FIRMADA-1-1-212x300-1.jpg\",\"datePublished\":\"2024-10-20T08:00:00+00:00\",\"dateModified\":\"2024-10-20T08:00:05+00:00\",\"breadcrumb\":{\"@id\":\"https:\\\/\\\/trinidad.salesianos.edu\\\/colegio\\\/programa-erasmus\\\/#breadcrumb\"},\"inLanguage\":\"es\",\"potentialAction\":[{\"@type\":\"ReadAction\",\"target\":[\"https:\\\/\\\/trinidad.salesianos.edu\\\/colegio\\\/programa-erasmus\\\/\"]}]},{\"@type\":\"ImageObject\",\"inLanguage\":\"es\",\"@id\":\"https:\\\/\\\/trinidad.salesianos.edu\\\/colegio\\\/programa-erasmus\\\/#primaryimage\",\"url\":\"https:\\\/\\\/trinidad.salesianos.edu\\\/colegio\\\/wp-content\\\/uploads\\\/sites\\\/11\\\/2021\\\/11\\\/1-Erasmus-Charter-for-Higher-Education_FIRMADA-1-1-scaled.jpg\",\"contentUrl\":\"https:\\\/\\\/trinidad.salesianos.edu\\\/colegio\\\/wp-content\\\/uploads\\\/sites\\\/11\\\/2021\\\/11\\\/1-Erasmus-Charter-for-Higher-Education_FIRMADA-1-1-scaled.jpg\",\"width\":1812,\"height\":2560},{\"@type\":\"BreadcrumbList\",\"@id\":\"https:\\\/\\\/trinidad.salesianos.edu\\\/colegio\\\/programa-erasmus\\\/#breadcrumb\",\"itemListElement\":[{\"@type\":\"ListItem\",\"position\":1,\"name\":\"Portada\",\"item\":\"https:\\\/\\\/trinidad.salesianos.edu\\\/colegio\\\/\"},{\"@type\":\"ListItem\",\"position\":2,\"name\":\"Programa Erasmus+\"}]},{\"@type\":\"WebSite\",\"@id\":\"https:\\\/\\\/trinidad.salesianos.edu\\\/colegio\\\/#website\",\"url\":\"https:\\\/\\\/trinidad.salesianos.edu\\\/colegio\\\/\",\"name\":\"Colegio Salesianos Sant\u00edsima Trinidad\",\"description\":\"P\u00e1gina oficial Salesianos Trinidad\",\"potentialAction\":[{\"@type\":\"SearchAction\",\"target\":{\"@type\":\"EntryPoint\",\"urlTemplate\":\"https:\\\/\\\/trinidad.salesianos.edu\\\/colegio\\\/?s={search_term_string}\"},\"query-input\":{\"@type\":\"PropertyValueSpecification\",\"valueRequired\":true,\"valueName\":\"search_term_string\"}}],\"inLanguage\":\"es\"}]}<\/script>\n<!-- \/ Yoast SEO plugin. -->","yoast_head_json":{"title":"Programa Erasmus+ - Colegio Salesianos Sant\u00edsima Trinidad","robots":{"index":"index","follow":"follow","max-snippet":"max-snippet:-1","max-image-preview":"max-image-preview:large","max-video-preview":"max-video-preview:-1"},"canonical":"https:\/\/trinidad.salesianos.edu\/colegio\/programa-erasmus\/","og_locale":"es_ES","og_type":"article","og_title":"Programa Erasmus+ - Colegio Salesianos Sant\u00edsima Trinidad","og_description":"&nbsp; &nbsp; &nbsp; &nbsp; &nbsp; &nbsp; &nbsp; &nbsp; &nbsp; &nbsp; &nbsp; &nbsp;Erasmus Policy StatementEl\u00a0Parlamento Europeo ha aprobado el programa Erasmus + para el per\u00edodo 2014-2020, que entr\u00f3 en vigor el 1 de enero de 2014. El nuevo programa Erasmus + se enmarca en la estrategia Europa 2020, en la estrategia Educaci\u00f3n y Formaci\u00f3n 2020 y [&hellip;]","og_url":"https:\/\/trinidad.salesianos.edu\/colegio\/programa-erasmus\/","og_site_name":"Colegio Salesianos Sant\u00edsima Trinidad","article_modified_time":"2024-10-20T08:00:05+00:00","og_image":[{"width":1812,"height":2560,"url":"https:\/\/trinidad.salesianos.edu\/colegio\/wp-content\/uploads\/sites\/11\/2021\/11\/1-Erasmus-Charter-for-Higher-Education_FIRMADA-1-1-scaled.jpg","type":"image\/jpeg"}],"twitter_card":"summary_large_image","twitter_misc":{"Tiempo de lectura":"5 minutos"},"schema":{"@context":"https:\/\/schema.org","@graph":[{"@type":"WebPage","@id":"https:\/\/trinidad.salesianos.edu\/colegio\/programa-erasmus\/","url":"https:\/\/trinidad.salesianos.edu\/colegio\/programa-erasmus\/","name":"Programa Erasmus+ - Colegio Salesianos Sant\u00edsima Trinidad","isPartOf":{"@id":"https:\/\/trinidad.salesianos.edu\/colegio\/#website"},"primaryImageOfPage":{"@id":"https:\/\/trinidad.salesianos.edu\/colegio\/programa-erasmus\/#primaryimage"},"image":{"@id":"https:\/\/trinidad.salesianos.edu\/colegio\/programa-erasmus\/#primaryimage"},"thumbnailUrl":"https:\/\/trinidad.salesianos.edu\/colegio\/wp-content\/uploads\/sites\/11\/2024\/10\/1-Erasmus-Charter-for-Higher-Education_FIRMADA-1-1-212x300-1.jpg","datePublished":"2024-10-20T08:00:00+00:00","dateModified":"2024-10-20T08:00:05+00:00","breadcrumb":{"@id":"https:\/\/trinidad.salesianos.edu\/colegio\/programa-erasmus\/#breadcrumb"},"inLanguage":"es","potentialAction":[{"@type":"ReadAction","target":["https:\/\/trinidad.salesianos.edu\/colegio\/programa-erasmus\/"]}]},{"@type":"ImageObject","inLanguage":"es","@id":"https:\/\/trinidad.salesianos.edu\/colegio\/programa-erasmus\/#primaryimage","url":"https:\/\/trinidad.salesianos.edu\/colegio\/wp-content\/uploads\/sites\/11\/2021\/11\/1-Erasmus-Charter-for-Higher-Education_FIRMADA-1-1-scaled.jpg","contentUrl":"https:\/\/trinidad.salesianos.edu\/colegio\/wp-content\/uploads\/sites\/11\/2021\/11\/1-Erasmus-Charter-for-Higher-Education_FIRMADA-1-1-scaled.jpg","width":1812,"height":2560},{"@type":"BreadcrumbList","@id":"https:\/\/trinidad.salesianos.edu\/colegio\/programa-erasmus\/#breadcrumb","itemListElement":[{"@type":"ListItem","position":1,"name":"Portada","item":"https:\/\/trinidad.salesianos.edu\/colegio\/"},{"@type":"ListItem","position":2,"name":"Programa Erasmus+"}]},{"@type":"WebSite","@id":"https:\/\/trinidad.salesianos.edu\/colegio\/#website","url":"https:\/\/trinidad.salesianos.edu\/colegio\/","name":"Colegio Salesianos Sant\u00edsima Trinidad","description":"P\u00e1gina oficial Salesianos Trinidad","potentialAction":[{"@type":"SearchAction","target":{"@type":"EntryPoint","urlTemplate":"https:\/\/trinidad.salesianos.edu\/colegio\/?s={search_term_string}"},"query-input":{"@type":"PropertyValueSpecification","valueRequired":true,"valueName":"search_term_string"}}],"inLanguage":"es"}]}},"_links":{"self":[{"href":"https:\/\/trinidad.salesianos.edu\/colegio\/wp-json\/wp\/v2\/pages\/17738","targetHints":{"allow":["GET"]}}],"collection":[{"href":"https:\/\/trinidad.salesianos.edu\/colegio\/wp-json\/wp\/v2\/pages"}],"about":[{"href":"https:\/\/trinidad.salesianos.edu\/colegio\/wp-json\/wp\/v2\/types\/page"}],"author":[{"embeddable":true,"href":"https:\/\/trinidad.salesianos.edu\/colegio\/wp-json\/wp\/v2\/users\/3"}],"replies":[{"embeddable":true,"href":"https:\/\/trinidad.salesianos.edu\/colegio\/wp-json\/wp\/v2\/comments?post=17738"}],"version-history":[{"count":2,"href":"https:\/\/trinidad.salesianos.edu\/colegio\/wp-json\/wp\/v2\/pages\/17738\/revisions"}],"predecessor-version":[{"id":17744,"href":"https:\/\/trinidad.salesianos.edu\/colegio\/wp-json\/wp\/v2\/pages\/17738\/revisions\/17744"}],"wp:attachment":[{"href":"https:\/\/trinidad.salesianos.edu\/colegio\/wp-json\/wp\/v2\/media?parent=17738"}],"curies":[{"name":"wp","href":"https:\/\/api.w.org\/{rel}","templated":true}]}}