
{"id":14279,"date":"2022-08-01T14:53:35","date_gmt":"2022-08-01T12:53:35","guid":{"rendered":"https:\/\/trinidad.salesianos.edu\/colegio\/?page_id=14279"},"modified":"2024-12-15T19:19:00","modified_gmt":"2024-12-15T18:19:00","slug":"metodologias-activas","status":"publish","type":"page","link":"https:\/\/trinidad.salesianos.edu\/colegio\/metodologias-activas\/","title":{"rendered":"Metodolog\u00edas Activas"},"content":{"rendered":"<p>[et_pb_section fb_built=\u00bb1&#8243; fullwidth=\u00bbon\u00bb _builder_version=\u00bb4.17.6&#8243; _module_preset=\u00bbdefault\u00bb global_colors_info=\u00bb{}\u00bb][et_pb_fullwidth_header title=\u00bbMetodolog\u00edas activas \u00bb _builder_version=\u00bb4.17.6&#8243; _module_preset=\u00bbdefault\u00bb title_text_align=\u00bbright\u00bb title_text_color=\u00bb#FFFFFF\u00bb title_font_size=\u00bb40px\u00bb background_enable_color=\u00bboff\u00bb background_image=\u00bbhttps:\/\/trinidad.salesianos.edu\/colegio\/wp-content\/uploads\/sites\/11\/2022\/08\/child-have-fun-in-playroom-kindergarten-education-2022-02-01-22-37-53-utc-scaled.jpg\u00bb title_text_shadow_style=\u00bbpreset2&#8243; global_colors_info=\u00bb{}\u00bb]<\/p>\n<p>&nbsp;<\/p>\n<p>&nbsp;<\/p>\n<p>&nbsp;<\/p>\n<p>&nbsp;<\/p>\n<p>&nbsp;<\/p>\n<p>&nbsp;<\/p>\n<p>&nbsp;<\/p>\n<p>[\/et_pb_fullwidth_header][\/et_pb_section][et_pb_section fb_built=\u00bb1&#8243; _builder_version=\u00bb4.17.6&#8243; _module_preset=\u00bbdefault\u00bb global_colors_info=\u00bb{}\u00bb][et_pb_row _builder_version=\u00bb4.17.6&#8243; _module_preset=\u00bbdefault\u00bb global_colors_info=\u00bb{}\u00bb][et_pb_column type=\u00bb4_4&#8243; _builder_version=\u00bb4.17.6&#8243; _module_preset=\u00bbdefault\u00bb global_colors_info=\u00bb{}\u00bb][et_pb_text _builder_version=\u00bb4.17.6&#8243; _module_preset=\u00bbdefault\u00bb text_font=\u00bb|800|||||||\u00bb text_font_size=\u00bb29px\u00bb global_colors_info=\u00bb{}\u00bb]<\/p>\n<p style=\"text-align: center;\">\u00bfQu\u00e9 son las metodolog\u00edas activas?<\/p>\n<p>[\/et_pb_text][et_pb_text _builder_version=\u00bb4.18.0&#8243; _module_preset=\u00bbdefault\u00bb global_colors_info=\u00bb{}\u00bb]<\/p>\n<div style=\"text-align: justify;\"><span style=\"color: #494949; font-family: Open Sans, Arial, sans-serif;\">Podemos incluir en estas metodolog\u00edas todas aquellas formas de ense\u00f1ar al alumno donde este se convierte en el centro del aprendizaje. El profesor deja de ser el \u00fanico canal de conocimiento para que el alumno juegue un papel activo y din\u00e1mico. Podemos enumerar diferentes ramas las cuales se desarrollan en todas las etapas de nuestro centro como son el\u00a0<\/span>cooperativo,\u00a0aprendizaje basado en proyectos, gamificaci\u00f3n, clase invertida, etc.<\/div>\n<div style=\"text-align: justify;\"><span style=\"color: #494949; font-family: Open Sans, Arial, sans-serif;\">Desde nuestro centro llevamos desde 2018 apostando por dicha l\u00ednea, siendo nuestro alumnado, una vez\u00a0m\u00e1s, el centro de nuestro ideario.<\/span><\/div>\n<p>[\/et_pb_text][\/et_pb_column][\/et_pb_row][et_pb_row column_structure=\u00bb1_4,1_4,1_4,1_4&#8243; _builder_version=\u00bb4.17.6&#8243; _module_preset=\u00bbdefault\u00bb global_colors_info=\u00bb{}\u00bb][et_pb_column type=\u00bb1_4&#8243; _builder_version=\u00bb4.17.6&#8243; _module_preset=\u00bbdefault\u00bb global_colors_info=\u00bb{}\u00bb][et_pb_blurb title=\u00bbSTEAM\u00bb url=\u00bbhttps:\/\/trinidad.salesianos.edu\/colegio\/metodologias-activas-steam\/\u00bb use_icon=\u00bbon\u00bb font_icon=\u00bb&#xf610;||fa||900&#8243; _builder_version=\u00bb4.18.0&#8243; _module_preset=\u00bbdefault\u00bb header_text_align=\u00bbcenter\u00bb hover_enabled=\u00bb0&#8243; global_colors_info=\u00bb{}\u00bb sticky_enabled=\u00bb0&#8243;][\/et_pb_blurb][et_pb_toggle title=\u00bbNuestros proyectos\u00bb open_toggle_text_color=\u00bbRGBA(255,255,255,0)\u00bb open_toggle_background_color=\u00bb#E02B20&#8243; closed_toggle_background_color=\u00bb#E02B20&#8243; icon_color=\u00bb#FFFFFF\u00bb toggle_icon=\u00bb&#x3f;||divi||400&#8243; open_icon_color=\u00bb#FFFFFF\u00bb _builder_version=\u00bb4.27.4&#8243; _module_preset=\u00bbdefault\u00bb title_text_color=\u00bb#FFFFFF\u00bb body_font=\u00bb|700|||||||\u00bb body_text_color=\u00bb#FFFFFF\u00bb hover_enabled=\u00bb0&#8243; border_radii=\u00bbon|25px|25px|25px|25px\u00bb border_color_all=\u00bbRGBA(255,255,255,0)\u00bb global_colors_info=\u00bb{}\u00bb sticky_enabled=\u00bb0&#8243;]<\/p>\n<p style=\"text-align: left;\"><span style=\"color: #ffffff;\"><b><a href=\"https:\/\/trinidad.salesianos.edu\/colegio\/metodologias-activas-steam\/#healthy\" target=\"_blank\" rel=\"noopener\" style=\"color: #ffffff;\">Healthy\u00a0 Lifestyle (E.S.O.)<\/a><\/b><\/span><\/p>\n<p style=\"text-align: left;\"><span style=\"color: #ffffff;\"><b><a href=\"https:\/\/trinidad.salesianos.edu\/colegio\/metodologias-activas-steam\/#alternativegames\" target=\"_blank\" rel=\"noopener\" style=\"color: #ffffff;\">Alternative Games (E.S.O.)<\/a><\/b><\/span><\/p>\n<div class=\"et_pb_module et_pb_text et_pb_text_2  et_pb_text_align_left et_pb_bg_layout_light\">\n<div class=\"et_pb_text_inner\">\n<p><a href=\"https:\/\/trinidad.salesianos.edu\/colegio\/metodologias-activas-steam\/#formacionextranjero\" target=\"_blank\" rel=\"noopener\"><span style=\"color: #ffffff;\"><b>Formaci\u00f3n centro de trabajo en el extranjero (CC.FF.)<\/b><\/span><\/a><\/p>\n<p><span style=\"color: #ffffff;\"><a href=\"https:\/\/trinidad.salesianos.edu\/colegio\/metodologias-activas-steam\/#games\" style=\"color: #ffffff;\"><b>Yesterday\u2019s games<\/b>\u00a0(E.P- E.S.O.)<\/a><\/span><\/p>\n<\/div>\n<\/div>\n<p style=\"text-align: left;\"><span style=\"color: #ffffff;\"><a href=\"https:\/\/trinidad.salesianos.edu\/colegio\/metodologias-activas-steam\/#mates\" target=\"_blank\" rel=\"noopener\" style=\"color: #ffffff;\">Video mates (E.S.O.)<\/a><\/span><\/p>\n<p style=\"text-align: left;\"><span style=\"color: #ffffff;\"><a href=\"https:\/\/trinidad.salesianos.edu\/colegio\/metodologias-activas-steam\/#zoologia\" target=\"_blank\" rel=\"noopener\" style=\"color: #ffffff;\">Zoolog\u00eda (BACH)<\/a><\/span><\/p>\n<p style=\"text-align: left;\"><span style=\"color: #ffffff;\"><a href=\"https:\/\/trinidad.salesianos.edu\/colegio\/metodologias-activas-steam\/#tales\" target=\"_blank\" rel=\"noopener\" style=\"color: #ffffff;\">Mediciones Tales (E.S.O.)<\/a><\/span><\/p>\n<p style=\"text-align: left;\"><span style=\"color: #ffffff;\"><a href=\"https:\/\/trinidad.salesianos.edu\/colegio\/metodologias-activas-steam\/#vencejos\" target=\"_blank\" rel=\"noopener\" style=\"color: #ffffff;\">Proyecto Vencejos (BACH)<\/a><\/span><\/p>\n<p style=\"text-align: left;\"><span style=\"color: #ffffff;\"><a href=\"https:\/\/trinidad.salesianos.edu\/colegio\/metodologias-activas-steam\/#3d\" target=\"_blank\" rel=\"noopener\" style=\"color: #ffffff;\">Impresiones en 3D (CC.FF.)<\/a><\/span><\/p>\n<p>[\/et_pb_toggle][\/et_pb_column][et_pb_column type=\u00bb1_4&#8243; _builder_version=\u00bb4.17.6&#8243; _module_preset=\u00bbdefault\u00bb global_colors_info=\u00bb{}\u00bb][et_pb_blurb title=\u00bbLengua extranjera\u00bb url=\u00bbhttps:\/\/trinidad.salesianos.edu\/colegio\/metodologia-activas-lengua-extranjera\/\u00bb url_new_window=\u00bbon\u00bb use_icon=\u00bbon\u00bb font_icon=\u00bb&#xf57c;||fa||900&#8243; _builder_version=\u00bb4.18.0&#8243; _module_preset=\u00bbdefault\u00bb header_text_align=\u00bbcenter\u00bb link_option_url=\u00bbhttps:\/\/trinidad.salesianos.edu\/colegio\/metodologia-activas-lengua-extranjera\/\u00bb link_option_url_new_window=\u00bbon\u00bb global_colors_info=\u00bb{}\u00bb][\/et_pb_blurb][et_pb_toggle title=\u00bbNuestros proyectos\u00bb open_toggle_text_color=\u00bbRGBA(255,255,255,0)\u00bb open_toggle_background_color=\u00bb#E02B20&#8243; closed_toggle_background_color=\u00bb#E02B20&#8243; icon_color=\u00bb#FFFFFF\u00bb toggle_icon=\u00bb&#x3f;||divi||400&#8243; open_icon_color=\u00bb#FFFFFF\u00bb _builder_version=\u00bb4.18.0&#8243; _module_preset=\u00bbdefault\u00bb title_text_color=\u00bb#FFFFFF\u00bb body_font=\u00bb|700|||||||\u00bb body_text_color=\u00bb#FFFFFF\u00bb border_radii=\u00bbon|25px|25px|25px|25px\u00bb border_color_all=\u00bbRGBA(255,255,255,0)\u00bb global_colors_info=\u00bb{}\u00bb]<\/p>\n<p style=\"text-align: left;\"><span style=\"color: #ffffff;\"><a href=\"https:\/\/trinidad.salesianos.edu\/colegio\/metodologia-activas-lengua-extranjera\/#frances\" target=\"_blank\" rel=\"noopener\" style=\"color: #ffffff;\">Carta en franc\u00e9s (E.S.O.)<\/a><\/span><\/p>\n<p style=\"text-align: left;\"><span style=\"color: #ffffff;\"><a href=\"https:\/\/trinidad.salesianos.edu\/colegio\/metodologia-activas-lengua-extranjera\/#englishcorner\" target=\"_blank\" rel=\"noopener\" style=\"color: #ffffff;\">English Corner (Todas las etapas)<\/a><\/span><\/p>\n<p style=\"text-align: left;\"><span style=\"color: #ffffff;\"><a href=\"https:\/\/trinidad.salesianos.edu\/colegio\/metodologia-activas-lengua-extranjera\/#spotify\" target=\"_blank\" rel=\"noopener\" style=\"color: #ffffff;\">Technotalks (E.S.O.)<\/a><\/span><\/p>\n<p style=\"text-align: center;\">[\/et_pb_toggle][\/et_pb_column][et_pb_column type=\u00bb1_4&#8243; _builder_version=\u00bb4.17.6&#8243; _module_preset=\u00bbdefault\u00bb global_colors_info=\u00bb{}\u00bb][et_pb_blurb title=\u00bbHumanidades\u00bb url=\u00bbhttps:\/\/trinidad.salesianos.edu\/colegio\/metodologias-activas-humanidades\/\u00bb url_new_window=\u00bbon\u00bb use_icon=\u00bbon\u00bb font_icon=\u00bb&#xf66f;||fa||900&#8243; _builder_version=\u00bb4.18.0&#8243; _module_preset=\u00bbdefault\u00bb header_text_align=\u00bbcenter\u00bb link_option_url=\u00bbhttps:\/\/trinidad.salesianos.edu\/colegio\/metodologias-activas-humanidades\/\u00bb link_option_url_new_window=\u00bbon\u00bb global_colors_info=\u00bb{}\u00bb][\/et_pb_blurb][et_pb_toggle title=\u00bbNuestros proyectos\u00bb open_toggle_text_color=\u00bbRGBA(255,255,255,0)\u00bb open_toggle_background_color=\u00bb#E02B20&#8243; closed_toggle_background_color=\u00bb#E02B20&#8243; icon_color=\u00bb#FFFFFF\u00bb toggle_icon=\u00bb&#x3f;||divi||400&#8243; open_icon_color=\u00bb#FFFFFF\u00bb _builder_version=\u00bb4.18.0&#8243; _module_preset=\u00bbdefault\u00bb title_text_color=\u00bb#FFFFFF\u00bb body_font=\u00bb|700|||||||\u00bb body_text_color=\u00bb#FFFFFF\u00bb border_radii=\u00bbon|25px|25px|25px|25px\u00bb border_color_all=\u00bbRGBA(255,255,255,0)\u00bb global_colors_info=\u00bb{}\u00bb]<\/p>\n<p style=\"text-align: center;\"><span style=\"color: #ffffff;\"><a href=\"https:\/\/trinidad.salesianos.edu\/colegio\/metodologias-activas-humanidades\/#leer\" target=\"_blank\" rel=\"noopener\" title=\"Me gusta leer \" style=\"color: #ffffff;\">Me gusta leer (E.P.)<\/a><\/span><\/p>\n<p style=\"text-align: center;\"><span style=\"color: #ffffff;\"><a href=\"https:\/\/trinidad.salesianos.edu\/colegio\/metodologias-activas-humanidades\/#humanitates\" target=\"_blank\" rel=\"noopener\" style=\"color: #ffffff;\">Humanitates (E.S.O.\/Bach.)<\/a><\/span><\/p>\n<p style=\"text-align: center;\">[\/et_pb_toggle][\/et_pb_column][et_pb_column type=\u00bb1_4&#8243; _builder_version=\u00bb4.17.6&#8243; _module_preset=\u00bbdefault\u00bb global_colors_info=\u00bb{}\u00bb][et_pb_blurb title=\u00bbSociales\u00bb url=\u00bbhttps:\/\/trinidad.salesianos.edu\/colegio\/metodologias-activas-sociales\/\u00bb url_new_window=\u00bbon\u00bb use_icon=\u00bbon\u00bb font_icon=\u00bb&#xe068;||fa||900&#8243; _builder_version=\u00bb4.18.0&#8243; _module_preset=\u00bbdefault\u00bb header_text_align=\u00bbcenter\u00bb link_option_url=\u00bbhttps:\/\/trinidad.salesianos.edu\/colegio\/metodologias-activas-sociales\/\u00bb link_option_url_new_window=\u00bbon\u00bb global_colors_info=\u00bb{}\u00bb][\/et_pb_blurb][et_pb_toggle title=\u00bbNuestros proyectos\u00bb open_toggle_text_color=\u00bbRGBA(255,255,255,0)\u00bb open_toggle_background_color=\u00bb#E02B20&#8243; closed_toggle_background_color=\u00bb#E02B20&#8243; icon_color=\u00bb#FFFFFF\u00bb toggle_icon=\u00bb&#x3f;||divi||400&#8243; open_icon_color=\u00bb#FFFFFF\u00bb _builder_version=\u00bb4.27.4&#8243; _module_preset=\u00bbdefault\u00bb title_text_color=\u00bb#FFFFFF\u00bb body_font=\u00bb|700|||||||\u00bb body_text_color=\u00bb#FFFFFF\u00bb border_radii=\u00bbon|25px|25px|25px|25px\u00bb border_color_all=\u00bbRGBA(255,255,255,0)\u00bb global_colors_info=\u00bb{}\u00bb]<\/p>\n<p><span style=\"color: #ffffff;\"><a href=\"https:\/\/trinidad.salesianos.edu\/colegio\/metodologias-activas-sociales\/#anuncio\" target=\"_blank\" rel=\"noopener\" style=\"color: #ffffff;\"><b>\u00bfHacemos un anuncio? (E.P.)<\/b><\/a><\/span><\/p>\n<p><span style=\"color: #ffffff;\"><b><a href=\"https:\/\/trinidad.salesianos.edu\/colegio\/metodologias-activas-sociales\/#ciudadsostenible\" target=\"_blank\" rel=\"noopener\" style=\"color: #ffffff;\">Construyo mi ciudad sostenible (E.P.)<\/a><\/b><\/span><\/p>\n<p><span style=\"color: #ffffff;\"><a href=\"https:\/\/trinidad.salesianos.edu\/colegio\/metodologias-activas-sociales\/#pinturasrupestres\" target=\"_blank\" rel=\"noopener\" style=\"color: #ffffff;\">Pinturas Rupestres (E.S.O.)<\/a><\/span><\/p>\n<p style=\"text-align: center;\">[\/et_pb_toggle][\/et_pb_column][\/et_pb_row][\/et_pb_section]<\/p>\n","protected":false},"excerpt":{"rendered":"<p>&nbsp; &nbsp; &nbsp; &nbsp; &nbsp; &nbsp; &nbsp;\u00bfQu\u00e9 son las metodolog\u00edas activas?Podemos incluir en estas metodolog\u00edas todas aquellas formas de ense\u00f1ar al alumno donde este se convierte en el centro del aprendizaje. El profesor deja de ser el \u00fanico canal de conocimiento para que el alumno juegue un papel activo y din\u00e1mico. Podemos enumerar diferentes ramas [&hellip;]<\/p>\n","protected":false},"author":3,"featured_media":0,"parent":0,"menu_order":0,"comment_status":"closed","ping_status":"closed","template":"","meta":{"_et_pb_use_builder":"on","_et_pb_old_content":"","_et_gb_content_width":"","footnotes":""},"class_list":["post-14279","page","type-page","status-publish","hentry"],"yoast_head":"<!-- This site is optimized with the Yoast SEO plugin v27.3 - https:\/\/yoast.com\/product\/yoast-seo-wordpress\/ -->\n<title>Metodolog\u00edas Activas - Colegio Salesianos Sant\u00edsima Trinidad<\/title>\n<meta name=\"robots\" content=\"index, follow, max-snippet:-1, max-image-preview:large, max-video-preview:-1\" \/>\n<link rel=\"canonical\" href=\"https:\/\/trinidad.salesianos.edu\/colegio\/metodologias-activas\/\" \/>\n<meta property=\"og:locale\" content=\"es_ES\" \/>\n<meta property=\"og:type\" content=\"article\" \/>\n<meta property=\"og:title\" content=\"Metodolog\u00edas Activas - Colegio Salesianos Sant\u00edsima Trinidad\" \/>\n<meta property=\"og:description\" content=\"&nbsp; &nbsp; &nbsp; &nbsp; &nbsp; &nbsp; &nbsp;\u00bfQu\u00e9 son las metodolog\u00edas activas?Podemos incluir en estas metodolog\u00edas todas aquellas formas de ense\u00f1ar al alumno donde este se convierte en el centro del aprendizaje. El profesor deja de ser el \u00fanico canal de conocimiento para que el alumno juegue un papel activo y din\u00e1mico. Podemos enumerar diferentes ramas [&hellip;]\" \/>\n<meta property=\"og:url\" content=\"https:\/\/trinidad.salesianos.edu\/colegio\/metodologias-activas\/\" \/>\n<meta property=\"og:site_name\" content=\"Colegio Salesianos Sant\u00edsima Trinidad\" \/>\n<meta property=\"article:modified_time\" content=\"2024-12-15T18:19:00+00:00\" \/>\n<meta name=\"twitter:card\" content=\"summary_large_image\" \/>\n<meta name=\"twitter:label1\" content=\"Tiempo de lectura\" \/>\n\t<meta name=\"twitter:data1\" content=\"2 minutos\" \/>\n<script type=\"application\/ld+json\" class=\"yoast-schema-graph\">{\"@context\":\"https:\\\/\\\/schema.org\",\"@graph\":[{\"@type\":\"WebPage\",\"@id\":\"https:\\\/\\\/trinidad.salesianos.edu\\\/colegio\\\/metodologias-activas\\\/\",\"url\":\"https:\\\/\\\/trinidad.salesianos.edu\\\/colegio\\\/metodologias-activas\\\/\",\"name\":\"Metodolog\u00edas Activas - Colegio Salesianos Sant\u00edsima Trinidad\",\"isPartOf\":{\"@id\":\"https:\\\/\\\/trinidad.salesianos.edu\\\/colegio\\\/#website\"},\"datePublished\":\"2022-08-01T12:53:35+00:00\",\"dateModified\":\"2024-12-15T18:19:00+00:00\",\"breadcrumb\":{\"@id\":\"https:\\\/\\\/trinidad.salesianos.edu\\\/colegio\\\/metodologias-activas\\\/#breadcrumb\"},\"inLanguage\":\"es\",\"potentialAction\":[{\"@type\":\"ReadAction\",\"target\":[\"https:\\\/\\\/trinidad.salesianos.edu\\\/colegio\\\/metodologias-activas\\\/\"]}]},{\"@type\":\"BreadcrumbList\",\"@id\":\"https:\\\/\\\/trinidad.salesianos.edu\\\/colegio\\\/metodologias-activas\\\/#breadcrumb\",\"itemListElement\":[{\"@type\":\"ListItem\",\"position\":1,\"name\":\"Portada\",\"item\":\"https:\\\/\\\/trinidad.salesianos.edu\\\/colegio\\\/\"},{\"@type\":\"ListItem\",\"position\":2,\"name\":\"Metodolog\u00edas Activas\"}]},{\"@type\":\"WebSite\",\"@id\":\"https:\\\/\\\/trinidad.salesianos.edu\\\/colegio\\\/#website\",\"url\":\"https:\\\/\\\/trinidad.salesianos.edu\\\/colegio\\\/\",\"name\":\"Colegio Salesianos Sant\u00edsima Trinidad\",\"description\":\"P\u00e1gina oficial Salesianos Trinidad\",\"potentialAction\":[{\"@type\":\"SearchAction\",\"target\":{\"@type\":\"EntryPoint\",\"urlTemplate\":\"https:\\\/\\\/trinidad.salesianos.edu\\\/colegio\\\/?s={search_term_string}\"},\"query-input\":{\"@type\":\"PropertyValueSpecification\",\"valueRequired\":true,\"valueName\":\"search_term_string\"}}],\"inLanguage\":\"es\"}]}<\/script>\n<!-- \/ Yoast SEO plugin. -->","yoast_head_json":{"title":"Metodolog\u00edas Activas - Colegio Salesianos Sant\u00edsima Trinidad","robots":{"index":"index","follow":"follow","max-snippet":"max-snippet:-1","max-image-preview":"max-image-preview:large","max-video-preview":"max-video-preview:-1"},"canonical":"https:\/\/trinidad.salesianos.edu\/colegio\/metodologias-activas\/","og_locale":"es_ES","og_type":"article","og_title":"Metodolog\u00edas Activas - Colegio Salesianos Sant\u00edsima Trinidad","og_description":"&nbsp; &nbsp; &nbsp; &nbsp; &nbsp; &nbsp; &nbsp;\u00bfQu\u00e9 son las metodolog\u00edas activas?Podemos incluir en estas metodolog\u00edas todas aquellas formas de ense\u00f1ar al alumno donde este se convierte en el centro del aprendizaje. El profesor deja de ser el \u00fanico canal de conocimiento para que el alumno juegue un papel activo y din\u00e1mico. Podemos enumerar diferentes ramas [&hellip;]","og_url":"https:\/\/trinidad.salesianos.edu\/colegio\/metodologias-activas\/","og_site_name":"Colegio Salesianos Sant\u00edsima Trinidad","article_modified_time":"2024-12-15T18:19:00+00:00","twitter_card":"summary_large_image","twitter_misc":{"Tiempo de lectura":"2 minutos"},"schema":{"@context":"https:\/\/schema.org","@graph":[{"@type":"WebPage","@id":"https:\/\/trinidad.salesianos.edu\/colegio\/metodologias-activas\/","url":"https:\/\/trinidad.salesianos.edu\/colegio\/metodologias-activas\/","name":"Metodolog\u00edas Activas - Colegio Salesianos Sant\u00edsima Trinidad","isPartOf":{"@id":"https:\/\/trinidad.salesianos.edu\/colegio\/#website"},"datePublished":"2022-08-01T12:53:35+00:00","dateModified":"2024-12-15T18:19:00+00:00","breadcrumb":{"@id":"https:\/\/trinidad.salesianos.edu\/colegio\/metodologias-activas\/#breadcrumb"},"inLanguage":"es","potentialAction":[{"@type":"ReadAction","target":["https:\/\/trinidad.salesianos.edu\/colegio\/metodologias-activas\/"]}]},{"@type":"BreadcrumbList","@id":"https:\/\/trinidad.salesianos.edu\/colegio\/metodologias-activas\/#breadcrumb","itemListElement":[{"@type":"ListItem","position":1,"name":"Portada","item":"https:\/\/trinidad.salesianos.edu\/colegio\/"},{"@type":"ListItem","position":2,"name":"Metodolog\u00edas Activas"}]},{"@type":"WebSite","@id":"https:\/\/trinidad.salesianos.edu\/colegio\/#website","url":"https:\/\/trinidad.salesianos.edu\/colegio\/","name":"Colegio Salesianos Sant\u00edsima Trinidad","description":"P\u00e1gina oficial Salesianos Trinidad","potentialAction":[{"@type":"SearchAction","target":{"@type":"EntryPoint","urlTemplate":"https:\/\/trinidad.salesianos.edu\/colegio\/?s={search_term_string}"},"query-input":{"@type":"PropertyValueSpecification","valueRequired":true,"valueName":"search_term_string"}}],"inLanguage":"es"}]}},"_links":{"self":[{"href":"https:\/\/trinidad.salesianos.edu\/colegio\/wp-json\/wp\/v2\/pages\/14279","targetHints":{"allow":["GET"]}}],"collection":[{"href":"https:\/\/trinidad.salesianos.edu\/colegio\/wp-json\/wp\/v2\/pages"}],"about":[{"href":"https:\/\/trinidad.salesianos.edu\/colegio\/wp-json\/wp\/v2\/types\/page"}],"author":[{"embeddable":true,"href":"https:\/\/trinidad.salesianos.edu\/colegio\/wp-json\/wp\/v2\/users\/3"}],"replies":[{"embeddable":true,"href":"https:\/\/trinidad.salesianos.edu\/colegio\/wp-json\/wp\/v2\/comments?post=14279"}],"version-history":[{"count":35,"href":"https:\/\/trinidad.salesianos.edu\/colegio\/wp-json\/wp\/v2\/pages\/14279\/revisions"}],"predecessor-version":[{"id":18229,"href":"https:\/\/trinidad.salesianos.edu\/colegio\/wp-json\/wp\/v2\/pages\/14279\/revisions\/18229"}],"wp:attachment":[{"href":"https:\/\/trinidad.salesianos.edu\/colegio\/wp-json\/wp\/v2\/media?parent=14279"}],"curies":[{"name":"wp","href":"https:\/\/api.w.org\/{rel}","templated":true}]}}