
{"id":14171,"date":"2022-06-10T10:19:47","date_gmt":"2022-06-10T08:19:47","guid":{"rendered":"https:\/\/trinidad.salesianos.edu\/colegio\/?page_id=14171"},"modified":"2025-06-12T08:23:57","modified_gmt":"2025-06-12T06:23:57","slug":"titulo-grado-medio-y-grado-superior","status":"publish","type":"page","link":"https:\/\/trinidad.salesianos.edu\/colegio\/titulo-grado-medio-y-grado-superior\/","title":{"rendered":"T\u00edtulo Grado Medio y Grado Superior"},"content":{"rendered":"<p>[et_pb_section fb_built=\u00bb1&#8243; fullwidth=\u00bbon\u00bb _builder_version=\u00bb4.17.4&#8243; _module_preset=\u00bbdefault\u00bb global_colors_info=\u00bb{}\u00bb][et_pb_fullwidth_header title=\u00bbT\u00cdTULO CICLOS FORMATIVOS\u00bb _builder_version=\u00bb4.17.4&#8243; _module_preset=\u00bbdefault\u00bb title_text_align=\u00bbright\u00bb title_font_size=\u00bb40px\u00bb background_color=\u00bbrgba(0,50,79,0.26)\u00bb background_image=\u00bbhttps:\/\/trinidad.salesianos.edu\/colegio\/wp-content\/uploads\/sites\/11\/2022\/06\/study-and-learn-concept-2022-03-16-03-52-48-utc-scaled.jpg\u00bb background_blend=\u00bbmultiply\u00bb global_colors_info=\u00bb{}\u00bb]<\/p>\n<p>&nbsp;<\/p>\n<p>&nbsp;<\/p>\n<p>&nbsp;<\/p>\n<p>&nbsp;<\/p>\n<p>&nbsp;<\/p>\n<p>&nbsp;<\/p>\n<p>&nbsp;<\/p>\n<p>&nbsp;<\/p>\n<p>[\/et_pb_fullwidth_header][\/et_pb_section][et_pb_section fb_built=\u00bb1&#8243; _builder_version=\u00bb4.17.4&#8243; _module_preset=\u00bbdefault\u00bb global_colors_info=\u00bb{}\u00bb][et_pb_row column_structure=\u00bb1_4,1_4,1_4,1_4&#8243; _builder_version=\u00bb4.17.4&#8243; _module_preset=\u00bbdefault\u00bb global_colors_info=\u00bb{}\u00bb][et_pb_column type=\u00bb1_4&#8243; _builder_version=\u00bb4.17.4&#8243; _module_preset=\u00bbdefault\u00bb global_colors_info=\u00bb{}\u00bb][et_pb_blurb title=\u00bbSolicitud telem\u00e1tica\u00bb url=\u00bbhttps:\/\/trinidad.salesianos.edu\/colegio\/download\/solicitud-titulo-cf-telematica\/\u00bb url_new_window=\u00bbon\u00bb image_icon_background_color=\u00bbRGBA(255,255,255,0)\u00bb image=\u00bbhttps:\/\/trinidad.salesianos.edu\/colegio\/wp-content\/uploads\/sites\/11\/2023\/09\/4-1.png\u00bb image_icon_width_tablet=\u00bb\u00bb image_icon_width_phone=\u00bb\u00bb image_icon_width_last_edited=\u00bbon|desktop\u00bb _builder_version=\u00bb4.22.1&#8243; _module_preset=\u00bbdefault\u00bb header_text_align=\u00bbcenter\u00bb header_text_color=\u00bb#E02B20&#8243; body_font=\u00bb|600|||||||\u00bb body_text_align=\u00bbcenter\u00bb body_text_color=\u00bb#6d6d6d\u00bb background_enable_color=\u00bboff\u00bb link_option_url=\u00bbhttps:\/\/trinidad.salesianos.edu\/colegio\/download\/solicitud-titulo-cf-telematica\/\u00bb link_option_url_new_window=\u00bbon\u00bb border_width_all=\u00bb5px\u00bb border_color_all=\u00bbRGBA(255,255,255,0)\u00bb border_radii_image=\u00bbon|23px|23px|23px|23px\u00bb border_color_all_image=\u00bb#E02B20&#8243; border_style_all_image=\u00bbnone\u00bb border_style_right_image=\u00bbdouble\u00bb box_shadow_style_image=\u00bbpreset1&#8243; global_colors_info=\u00bb{}\u00bb custom_padding__hover_enabled=\u00bbon|desktop\u00bb image_icon_background_color__hover_enabled=\u00bbon|desktop\u00bb border_width_all_image__hover_enabled=\u00bbon|desktop\u00bb header_font_size__hover_enabled=\u00bbon|desktop\u00bb header_font_size__hover=\u00bb23px\u00bb border_radii_image__hover_enabled=\u00bbon|desktop\u00bb child_filter_hue_rotate__hover_enabled=\u00bbon|hover\u00bb child_filter_saturate__hover_enabled=\u00bbon|desktop\u00bb child_filter_brightness__hover_enabled=\u00bbon|hover\u00bb child_filter_contrast__hover_enabled=\u00bbon|hover\u00bb child_filter_invert__hover_enabled=\u00bbon|hover\u00bb child_filter_invert__hover=\u00bb0%\u00bb child_filter_sepia__hover_enabled=\u00bbon|hover\u00bb child_filter_opacity__hover_enabled=\u00bbon|hover\u00bb child_filter_opacity__hover=\u00bb100%\u00bb child_filter_blur__hover_enabled=\u00bbon|hover\u00bb child_filter_saturate__hover=\u00bb0%\u00bb image_icon_background_color__hover=\u00bbRGBA(255,255,255,0)\u00bb border_radii_image__hover=\u00bbon|23px|23px|23px|23px\u00bb]<\/p>\n<p>Pincha aqu\u00ed para hacer todo el proceso a trav\u00e9s de internet<\/p>\n<p>&nbsp;<\/p>\n<p>[\/et_pb_blurb][\/et_pb_column][et_pb_column type=\u00bb1_4&#8243; _builder_version=\u00bb4.17.4&#8243; _module_preset=\u00bbdefault\u00bb global_colors_info=\u00bb{}\u00bb][et_pb_blurb title=\u00bbSolicitud presencial. CFGM\u00bb url_new_window=\u00bbon\u00bb image_icon_background_color=\u00bbRGBA(255,255,255,0)\u00bb image=\u00bbhttps:\/\/trinidad.salesianos.edu\/colegio\/wp-content\/uploads\/sites\/11\/2023\/09\/2.png\u00bb _builder_version=\u00bb4.27.4&#8243; _module_preset=\u00bbdefault\u00bb header_text_align=\u00bbcenter\u00bb header_text_color=\u00bb#E02B20&#8243; body_font=\u00bb|600|||||||\u00bb body_text_align=\u00bbcenter\u00bb body_text_color=\u00bb#6d6d6d\u00bb background_enable_color=\u00bboff\u00bb link_option_url_new_window=\u00bbon\u00bb border_width_all=\u00bb5px\u00bb border_color_all=\u00bbRGBA(255,255,255,0)\u00bb border_radii_image=\u00bbon|23px|23px|23px|23px\u00bb border_color_all_image=\u00bb#E02B20&#8243; border_style_all_image=\u00bbnone\u00bb border_style_right_image=\u00bbdouble\u00bb box_shadow_style_image=\u00bbpreset1&#8243; global_colors_info=\u00bb{}\u00bb custom_padding__hover_enabled=\u00bbon|desktop\u00bb image_icon_background_color__hover_enabled=\u00bbon|desktop\u00bb border_radii_image__hover_enabled=\u00bbon|desktop\u00bb border_width_all_image__hover_enabled=\u00bbon|desktop\u00bb header_font_size__hover=\u00bb23px\u00bb header_font_size__hover_enabled=\u00bbon|desktop\u00bb child_filter_hue_rotate__hover_enabled=\u00bbon|hover\u00bb child_filter_saturate__hover=\u00bb0%\u00bb child_filter_saturate__hover_enabled=\u00bbon|desktop\u00bb child_filter_brightness__hover_enabled=\u00bbon|hover\u00bb child_filter_contrast__hover_enabled=\u00bbon|hover\u00bb child_filter_invert__hover=\u00bb0%\u00bb child_filter_invert__hover_enabled=\u00bbon|hover\u00bb child_filter_sepia__hover_enabled=\u00bbon|hover\u00bb child_filter_opacity__hover=\u00bb100%\u00bb child_filter_opacity__hover_enabled=\u00bbon|hover\u00bb child_filter_blur__hover_enabled=\u00bbon|hover\u00bb image_icon_background_color__hover=\u00bbRGBA(255,255,255,0)\u00bb border_radii_image__hover=\u00bbon|23px|23px|23px|23px\u00bb]<\/p>\n<p>Consultar en la secretar\u00eda del centro.\u00a0<\/p>\n<p>[\/et_pb_blurb][\/et_pb_column][et_pb_column type=\u00bb1_4&#8243; _builder_version=\u00bb4.17.4&#8243; _module_preset=\u00bbdefault\u00bb global_colors_info=\u00bb{}\u00bb][et_pb_blurb title=\u00bbSolicitud presencial.    CFGS \u00bb url_new_window=\u00bbon\u00bb image_icon_background_color=\u00bbRGBA(255,255,255,0)\u00bb image=\u00bbhttps:\/\/trinidad.salesianos.edu\/colegio\/wp-content\/uploads\/sites\/11\/2023\/09\/1.png\u00bb alt=\u00bbPresencial CFGS\u00bb _builder_version=\u00bb4.27.4&#8243; _module_preset=\u00bbdefault\u00bb header_text_align=\u00bbcenter\u00bb header_text_color=\u00bb#E02B20&#8243; body_font=\u00bb|600|||||||\u00bb body_text_align=\u00bbcenter\u00bb body_text_color=\u00bb#6d6d6d\u00bb background_enable_color=\u00bboff\u00bb link_option_url_new_window=\u00bbon\u00bb border_width_all=\u00bb5px\u00bb border_color_all=\u00bbRGBA(255,255,255,0)\u00bb border_radii_image=\u00bbon|23px|23px|23px|23px\u00bb border_color_all_image=\u00bb#E02B20&#8243; border_style_all_image=\u00bbnone\u00bb border_style_right_image=\u00bbdouble\u00bb box_shadow_style_image=\u00bbpreset1&#8243; global_colors_info=\u00bb{}\u00bb custom_padding__hover_enabled=\u00bbon|desktop\u00bb image_icon_background_color__hover_enabled=\u00bbon|desktop\u00bb border_radii_image__hover_enabled=\u00bbon|desktop\u00bb border_width_all_image__hover_enabled=\u00bbon|desktop\u00bb header_font_size__hover=\u00bb23px\u00bb header_font_size__hover_enabled=\u00bbon|desktop\u00bb child_filter_hue_rotate__hover_enabled=\u00bbon|hover\u00bb child_filter_saturate__hover=\u00bb0%\u00bb child_filter_saturate__hover_enabled=\u00bbon|desktop\u00bb child_filter_brightness__hover_enabled=\u00bbon|hover\u00bb child_filter_contrast__hover_enabled=\u00bbon|hover\u00bb child_filter_invert__hover=\u00bb0%\u00bb child_filter_invert__hover_enabled=\u00bbon|hover\u00bb child_filter_sepia__hover_enabled=\u00bbon|hover\u00bb child_filter_opacity__hover=\u00bb100%\u00bb child_filter_opacity__hover_enabled=\u00bbon|hover\u00bb child_filter_blur__hover_enabled=\u00bbon|hover\u00bb image_icon_background_color__hover=\u00bbRGBA(255,255,255,0)\u00bb border_radii_image__hover=\u00bbon|23px|23px|23px|23px\u00bb]<\/p>\n<p>Consultar en la secretar\u00eda del centro.\u00a0<\/p>\n<p>[\/et_pb_blurb][\/et_pb_column][et_pb_column type=\u00bb1_4&#8243; _builder_version=\u00bb4.17.4&#8243; _module_preset=\u00bbdefault\u00bb global_colors_info=\u00bb{}\u00bb][et_pb_blurb title=\u00bbAnexo IV\u00bb url=\u00bbhttps:\/\/trinidad.salesianos.edu\/download\/anexo-iv-solicitud-de-titulos\/\u00bb url_new_window=\u00bbon\u00bb image_icon_background_color=\u00bbRGBA(255,255,255,0)\u00bb image=\u00bbhttps:\/\/trinidad.salesianos.edu\/colegio\/wp-content\/uploads\/sites\/11\/2023\/09\/3.png\u00bb _builder_version=\u00bb4.27.4&#8243; _module_preset=\u00bbdefault\u00bb header_text_align=\u00bbcenter\u00bb header_text_color=\u00bb#E02B20&#8243; body_font=\u00bb|600|||||||\u00bb body_text_align=\u00bbcenter\u00bb body_text_color=\u00bb#6d6d6d\u00bb background_enable_color=\u00bboff\u00bb link_option_url=\u00bbhttps:\/\/trinidad.salesianos.edu\/download\/anexo-iv-solicitud-de-titulos\/\u00bb link_option_url_new_window=\u00bbon\u00bb hover_enabled=\u00bb0&#8243; border_width_all=\u00bb5px\u00bb border_color_all=\u00bbRGBA(255,255,255,0)\u00bb border_radii_image=\u00bbon|23px|23px|23px|23px\u00bb border_color_all_image=\u00bb#E02B20&#8243; border_style_all_image=\u00bbnone\u00bb border_style_right_image=\u00bbdouble\u00bb box_shadow_style_image=\u00bbpreset1&#8243; global_colors_info=\u00bb{}\u00bb custom_padding__hover_enabled=\u00bbon|desktop\u00bb image_icon_background_color__hover_enabled=\u00bbon|desktop\u00bb border_radii_image__hover_enabled=\u00bbon|desktop\u00bb border_width_all_image__hover_enabled=\u00bbon|desktop\u00bb header_font_size__hover=\u00bb23px\u00bb header_font_size__hover_enabled=\u00bbon|desktop\u00bb child_filter_hue_rotate__hover_enabled=\u00bbon|hover\u00bb child_filter_saturate__hover=\u00bb0%\u00bb child_filter_saturate__hover_enabled=\u00bbon|desktop\u00bb child_filter_brightness__hover_enabled=\u00bbon|hover\u00bb child_filter_contrast__hover_enabled=\u00bbon|hover\u00bb child_filter_invert__hover=\u00bb0%\u00bb child_filter_invert__hover_enabled=\u00bbon|hover\u00bb child_filter_sepia__hover_enabled=\u00bbon|hover\u00bb child_filter_opacity__hover=\u00bb100%\u00bb child_filter_opacity__hover_enabled=\u00bbon|hover\u00bb child_filter_blur__hover_enabled=\u00bbon|hover\u00bb image_icon_background_color__hover=\u00bbRGBA(255,255,255,0)\u00bb border_radii_image__hover=\u00bbon|23px|23px|23px|23px\u00bb sticky_enabled=\u00bb0&#8243;][\/et_pb_blurb][\/et_pb_column][\/et_pb_row][\/et_pb_section]<\/p>\n","protected":false},"excerpt":{"rendered":"<p>&nbsp; &nbsp; &nbsp; &nbsp; &nbsp; &nbsp; &nbsp; &nbsp;Pincha aqu\u00ed para hacer todo el proceso a trav\u00e9s de internet &nbsp;Consultar en la secretar\u00eda del centro.\u00a0Consultar en la secretar\u00eda del centro.\u00a0<\/p>\n","protected":false},"author":3,"featured_media":0,"parent":0,"menu_order":0,"comment_status":"closed","ping_status":"closed","template":"","meta":{"_et_pb_use_builder":"on","_et_pb_old_content":"","_et_gb_content_width":"","footnotes":""},"class_list":["post-14171","page","type-page","status-publish","hentry"],"yoast_head":"<!-- This site is optimized with the Yoast SEO plugin v27.3 - https:\/\/yoast.com\/product\/yoast-seo-wordpress\/ -->\n<title>T\u00edtulo Grado Medio y Grado Superior - Colegio Salesianos Sant\u00edsima Trinidad<\/title>\n<meta name=\"robots\" content=\"index, follow, max-snippet:-1, max-image-preview:large, max-video-preview:-1\" \/>\n<link rel=\"canonical\" href=\"https:\/\/trinidad.salesianos.edu\/colegio\/titulo-grado-medio-y-grado-superior\/\" \/>\n<meta property=\"og:locale\" content=\"es_ES\" \/>\n<meta property=\"og:type\" content=\"article\" \/>\n<meta property=\"og:title\" content=\"T\u00edtulo Grado Medio y Grado Superior - Colegio Salesianos Sant\u00edsima Trinidad\" \/>\n<meta property=\"og:description\" content=\"&nbsp; &nbsp; &nbsp; &nbsp; &nbsp; &nbsp; &nbsp; &nbsp;Pincha aqu\u00ed para hacer todo el proceso a trav\u00e9s de internet &nbsp;Consultar en la secretar\u00eda del centro.\u00a0Consultar en la secretar\u00eda del centro.\u00a0\" \/>\n<meta property=\"og:url\" content=\"https:\/\/trinidad.salesianos.edu\/colegio\/titulo-grado-medio-y-grado-superior\/\" \/>\n<meta property=\"og:site_name\" content=\"Colegio Salesianos Sant\u00edsima Trinidad\" \/>\n<meta property=\"article:modified_time\" content=\"2025-06-12T06:23:57+00:00\" \/>\n<meta name=\"twitter:card\" content=\"summary_large_image\" \/>\n<meta name=\"twitter:label1\" content=\"Tiempo de lectura\" \/>\n\t<meta name=\"twitter:data1\" content=\"6 minutos\" \/>\n<script type=\"application\/ld+json\" class=\"yoast-schema-graph\">{\"@context\":\"https:\\\/\\\/schema.org\",\"@graph\":[{\"@type\":\"WebPage\",\"@id\":\"https:\\\/\\\/trinidad.salesianos.edu\\\/colegio\\\/titulo-grado-medio-y-grado-superior\\\/\",\"url\":\"https:\\\/\\\/trinidad.salesianos.edu\\\/colegio\\\/titulo-grado-medio-y-grado-superior\\\/\",\"name\":\"T\u00edtulo Grado Medio y Grado Superior - Colegio Salesianos Sant\u00edsima Trinidad\",\"isPartOf\":{\"@id\":\"https:\\\/\\\/trinidad.salesianos.edu\\\/colegio\\\/#website\"},\"datePublished\":\"2022-06-10T08:19:47+00:00\",\"dateModified\":\"2025-06-12T06:23:57+00:00\",\"breadcrumb\":{\"@id\":\"https:\\\/\\\/trinidad.salesianos.edu\\\/colegio\\\/titulo-grado-medio-y-grado-superior\\\/#breadcrumb\"},\"inLanguage\":\"es\",\"potentialAction\":[{\"@type\":\"ReadAction\",\"target\":[\"https:\\\/\\\/trinidad.salesianos.edu\\\/colegio\\\/titulo-grado-medio-y-grado-superior\\\/\"]}]},{\"@type\":\"BreadcrumbList\",\"@id\":\"https:\\\/\\\/trinidad.salesianos.edu\\\/colegio\\\/titulo-grado-medio-y-grado-superior\\\/#breadcrumb\",\"itemListElement\":[{\"@type\":\"ListItem\",\"position\":1,\"name\":\"Portada\",\"item\":\"https:\\\/\\\/trinidad.salesianos.edu\\\/colegio\\\/\"},{\"@type\":\"ListItem\",\"position\":2,\"name\":\"T\u00edtulo Grado Medio y Grado Superior\"}]},{\"@type\":\"WebSite\",\"@id\":\"https:\\\/\\\/trinidad.salesianos.edu\\\/colegio\\\/#website\",\"url\":\"https:\\\/\\\/trinidad.salesianos.edu\\\/colegio\\\/\",\"name\":\"Colegio Salesianos Sant\u00edsima Trinidad\",\"description\":\"P\u00e1gina oficial Salesianos Trinidad\",\"potentialAction\":[{\"@type\":\"SearchAction\",\"target\":{\"@type\":\"EntryPoint\",\"urlTemplate\":\"https:\\\/\\\/trinidad.salesianos.edu\\\/colegio\\\/?s={search_term_string}\"},\"query-input\":{\"@type\":\"PropertyValueSpecification\",\"valueRequired\":true,\"valueName\":\"search_term_string\"}}],\"inLanguage\":\"es\"}]}<\/script>\n<!-- \/ Yoast SEO plugin. -->","yoast_head_json":{"title":"T\u00edtulo Grado Medio y Grado Superior - Colegio Salesianos Sant\u00edsima Trinidad","robots":{"index":"index","follow":"follow","max-snippet":"max-snippet:-1","max-image-preview":"max-image-preview:large","max-video-preview":"max-video-preview:-1"},"canonical":"https:\/\/trinidad.salesianos.edu\/colegio\/titulo-grado-medio-y-grado-superior\/","og_locale":"es_ES","og_type":"article","og_title":"T\u00edtulo Grado Medio y Grado Superior - Colegio Salesianos Sant\u00edsima Trinidad","og_description":"&nbsp; &nbsp; &nbsp; &nbsp; &nbsp; &nbsp; &nbsp; &nbsp;Pincha aqu\u00ed para hacer todo el proceso a trav\u00e9s de internet &nbsp;Consultar en la secretar\u00eda del centro.\u00a0Consultar en la secretar\u00eda del centro.\u00a0","og_url":"https:\/\/trinidad.salesianos.edu\/colegio\/titulo-grado-medio-y-grado-superior\/","og_site_name":"Colegio Salesianos Sant\u00edsima Trinidad","article_modified_time":"2025-06-12T06:23:57+00:00","twitter_card":"summary_large_image","twitter_misc":{"Tiempo de lectura":"6 minutos"},"schema":{"@context":"https:\/\/schema.org","@graph":[{"@type":"WebPage","@id":"https:\/\/trinidad.salesianos.edu\/colegio\/titulo-grado-medio-y-grado-superior\/","url":"https:\/\/trinidad.salesianos.edu\/colegio\/titulo-grado-medio-y-grado-superior\/","name":"T\u00edtulo Grado Medio y Grado Superior - Colegio Salesianos Sant\u00edsima Trinidad","isPartOf":{"@id":"https:\/\/trinidad.salesianos.edu\/colegio\/#website"},"datePublished":"2022-06-10T08:19:47+00:00","dateModified":"2025-06-12T06:23:57+00:00","breadcrumb":{"@id":"https:\/\/trinidad.salesianos.edu\/colegio\/titulo-grado-medio-y-grado-superior\/#breadcrumb"},"inLanguage":"es","potentialAction":[{"@type":"ReadAction","target":["https:\/\/trinidad.salesianos.edu\/colegio\/titulo-grado-medio-y-grado-superior\/"]}]},{"@type":"BreadcrumbList","@id":"https:\/\/trinidad.salesianos.edu\/colegio\/titulo-grado-medio-y-grado-superior\/#breadcrumb","itemListElement":[{"@type":"ListItem","position":1,"name":"Portada","item":"https:\/\/trinidad.salesianos.edu\/colegio\/"},{"@type":"ListItem","position":2,"name":"T\u00edtulo Grado Medio y Grado Superior"}]},{"@type":"WebSite","@id":"https:\/\/trinidad.salesianos.edu\/colegio\/#website","url":"https:\/\/trinidad.salesianos.edu\/colegio\/","name":"Colegio Salesianos Sant\u00edsima Trinidad","description":"P\u00e1gina oficial Salesianos Trinidad","potentialAction":[{"@type":"SearchAction","target":{"@type":"EntryPoint","urlTemplate":"https:\/\/trinidad.salesianos.edu\/colegio\/?s={search_term_string}"},"query-input":{"@type":"PropertyValueSpecification","valueRequired":true,"valueName":"search_term_string"}}],"inLanguage":"es"}]}},"_links":{"self":[{"href":"https:\/\/trinidad.salesianos.edu\/colegio\/wp-json\/wp\/v2\/pages\/14171","targetHints":{"allow":["GET"]}}],"collection":[{"href":"https:\/\/trinidad.salesianos.edu\/colegio\/wp-json\/wp\/v2\/pages"}],"about":[{"href":"https:\/\/trinidad.salesianos.edu\/colegio\/wp-json\/wp\/v2\/types\/page"}],"author":[{"embeddable":true,"href":"https:\/\/trinidad.salesianos.edu\/colegio\/wp-json\/wp\/v2\/users\/3"}],"replies":[{"embeddable":true,"href":"https:\/\/trinidad.salesianos.edu\/colegio\/wp-json\/wp\/v2\/comments?post=14171"}],"version-history":[{"count":13,"href":"https:\/\/trinidad.salesianos.edu\/colegio\/wp-json\/wp\/v2\/pages\/14171\/revisions"}],"predecessor-version":[{"id":18534,"href":"https:\/\/trinidad.salesianos.edu\/colegio\/wp-json\/wp\/v2\/pages\/14171\/revisions\/18534"}],"wp:attachment":[{"href":"https:\/\/trinidad.salesianos.edu\/colegio\/wp-json\/wp\/v2\/media?parent=14171"}],"curies":[{"name":"wp","href":"https:\/\/api.w.org\/{rel}","templated":true}]}}