
{"id":9631,"date":"2019-09-11T12:29:35","date_gmt":"2019-09-11T10:29:35","guid":{"rendered":"https:\/\/trinidad.salesianos.edu\/centrojuvenil\/?page_id=9631"},"modified":"2022-09-17T19:51:01","modified_gmt":"2022-09-17T17:51:01","slug":"ads","status":"publish","type":"page","link":"https:\/\/trinidad.salesianos.edu\/centrojuvenil\/ads\/","title":{"rendered":"ADS"},"content":{"rendered":"<p>[et_pb_section fb_built=\u00bb1&#8243; specialty=\u00bbon\u00bb _builder_version=\u00bb4.16&#8243; _module_preset=\u00bbdefault\u00bb background_image=\u00bbhttps:\/\/trinidad.salesianos.edu\/centrojuvenil\/wp-content\/uploads\/sites\/6\/2022\/03\/edgar_felix-154826058673-cathopic-scaled.jpg\u00bb global_colors_info=\u00bb{}\u00bb][et_pb_column type=\u00bb1_2&#8243; _builder_version=\u00bb4.16&#8243; custom_padding=\u00bb|||\u00bb global_colors_info=\u00bb{}\u00bb custom_padding__hover=\u00bb|||\u00bb][\/et_pb_column][et_pb_column type=\u00bb1_2&#8243; specialty_columns=\u00bb2&#8243; _builder_version=\u00bb4.16&#8243; custom_padding=\u00bb|||\u00bb global_colors_info=\u00bb{}\u00bb custom_padding__hover=\u00bb|||\u00bb][et_pb_row_inner _builder_version=\u00bb4.16&#8243; _module_preset=\u00bbdefault\u00bb global_colors_info=\u00bb{}\u00bb][et_pb_column_inner saved_specialty_column_type=\u00bb1_2&#8243; _builder_version=\u00bb4.16&#8243; _module_preset=\u00bbdefault\u00bb global_colors_info=\u00bb{}\u00bb][et_pb_text _builder_version=\u00bb4.16&#8243; _module_preset=\u00bbdefault\u00bb text_font=\u00bb|800||on|||||\u00bb text_text_color=\u00bb#FFFFFF\u00bb text_font_size=\u00bb46px\u00bb text_orientation=\u00bbcenter\u00bb text_text_shadow_style=\u00bbpreset1&#8243; global_colors_info=\u00bb{}\u00bb]<\/p>\n<p>ADS<\/p>\n<p>[\/et_pb_text][\/et_pb_column_inner][\/et_pb_row_inner][et_pb_row_inner column_structure=\u00bb1_2,1_2&#8243; _builder_version=\u00bb4.16&#8243; _module_preset=\u00bbdefault\u00bb background_color=\u00bbrgba(255,255,255,0.71)\u00bb custom_padding=\u00bb|25px||25px|false|false\u00bb border_radii=\u00bbon|10px|10px|10px|10px\u00bb box_shadow_style=\u00bbpreset2&#8243; global_colors_info=\u00bb{}\u00bb][et_pb_column_inner type=\u00bb1_2&#8243; saved_specialty_column_type=\u00bb1_2&#8243; _builder_version=\u00bb4.16&#8243; _module_preset=\u00bbdefault\u00bb global_colors_info=\u00bb{}\u00bb][et_pb_blurb title=\u00bbObjetivos  generales\u00bb use_icon=\u00bbon\u00bb font_icon=\u00bb&#xf140;||fa||900&#8243; _builder_version=\u00bb4.16&#8243; _module_preset=\u00bbdefault\u00bb header_text_align=\u00bbcenter\u00bb global_colors_info=\u00bb{}\u00bb]<\/p>\n<blockquote>\n<ul>\n<li><strong>Fortalecer la experiencia de fe<\/strong> de los chicos para que sientan el deseo de <strong>seguir creciendo como cristianos<\/strong> comprometidos con la comunidad.<\/li>\n<li><strong>Dar profundidad y calidad pastoral<\/strong> a una etapa que consideramos clave de nuestro itinerario, con el objetivo de ayudar en la formaci\u00f3n y <strong>maduraci\u00f3n de unos pilares firmes de fe<\/strong> de los chicos.<\/li>\n<\/ul>\n<\/blockquote>\n<p>[\/et_pb_blurb][et_pb_blurb title=\u00bbL\u00edneas de acci\u00f3n\u00bb use_icon=\u00bbon\u00bb font_icon=\u00bb&#xf0e8;||fa||900&#8243; _builder_version=\u00bb4.16&#8243; _module_preset=\u00bbdefault\u00bb header_text_align=\u00bbcenter\u00bb global_colors_info=\u00bb{}\u00bb]<\/p>\n<blockquote>\n<ul>\n<li>Haciendo un seguimiento serio con los chicos inici\u00e1ndolos en el <strong>acompa\u00f1amiento personal<\/strong>.<\/li>\n<li>Creando un<strong> h\u00e1bito de oraci\u00f3n personal y participaci\u00f3n en Eucarist\u00eda dominical.<\/strong><\/li>\n<\/ul>\n<\/blockquote>\n<p>[\/et_pb_blurb][\/et_pb_column_inner][et_pb_column_inner type=\u00bb1_2&#8243; saved_specialty_column_type=\u00bb1_2&#8243; _builder_version=\u00bb4.16&#8243; _module_preset=\u00bbdefault\u00bb global_colors_info=\u00bb{}\u00bb][et_pb_blurb title=\u00bbObjetivos espec\u00edficos\u00bb use_icon=\u00bbon\u00bb font_icon=\u00bb&#xf277;||fa||900&#8243; _builder_version=\u00bb4.16&#8243; _module_preset=\u00bbdefault\u00bb header_text_align=\u00bbcenter\u00bb global_colors_info=\u00bb{}\u00bb]<\/p>\n<blockquote>\n<ul>\n<li><strong>Reforzar las bases de la fe<\/strong> cristiana para poder seguir creciendo.<\/li>\n<li>Conseguir el <strong>sentido de pertenencia<\/strong> en los ni\u00f1os y sean <strong>part\u00edcipes<\/strong> de los distintos niveles de la pastoral (MJS, centro juvenil y grupo).<\/li>\n<li>Fomentar y promover una<strong> \u201cfe razonada\u201d<\/strong>, a trav\u00e9s de debates y profundizaci\u00f3n de los chavales durante el trabajo en el itinerario<\/li>\n<\/ul>\n<\/blockquote>\n<p>[\/et_pb_blurb][et_pb_blurb title=\u00bbHorario\u00bb use_icon=\u00bbon\u00bb font_icon=\u00bb&#xe06b;||divi||400&#8243; _builder_version=\u00bb4.18.0&#8243; _module_preset=\u00bbdefault\u00bb header_text_align=\u00bbcenter\u00bb hover_enabled=\u00bb0&#8243; global_colors_info=\u00bb{}\u00bb sticky_enabled=\u00bb0&#8243;]<\/p>\n<blockquote>\n<p>&nbsp;<\/p>\n<ul>\n<li><strong>Viernes |<\/strong> 17:30 &#8211; 18:30 h.<\/li>\n<\/ul>\n<\/blockquote>\n<p>[\/et_pb_blurb][et_pb_blurb title=\u00bbEdad\u00bb use_icon=\u00bbon\u00bb font_icon=\u00bb&#xf253;||fa||900&#8243; _builder_version=\u00bb4.18.0&#8243; _module_preset=\u00bbdefault\u00bb header_text_align=\u00bbcenter\u00bb hover_enabled=\u00bb0&#8243; global_colors_info=\u00bb{}\u00bb sticky_enabled=\u00bb0&#8243;]<\/p>\n<blockquote>\n<p>&nbsp;<\/p>\n<ul>\n<li><strong>ADS 1|<\/strong> 1\u00ba de ESO <strong>(12-13 a\u00f1os)<\/strong><\/li>\n<li><strong>ADS 2|<\/strong> 2\u00ba de ESO <strong>(13-14 a\u00f1os)<\/strong><\/li>\n<li><strong>ADS 3|<\/strong> 3\u00ba de ESO <strong>(14-15 a\u00f1os)<\/strong><\/li>\n<li><strong>ADS 4|<\/strong> 4\u00ba de ESO <strong>(15-16 a\u00f1os)<\/strong><\/li>\n<\/ul>\n<\/blockquote>\n<p>[\/et_pb_blurb][\/et_pb_column_inner][\/et_pb_row_inner][\/et_pb_column][\/et_pb_section]<\/p>\n","protected":false},"excerpt":{"rendered":"<p>ADS Fortalecer la experiencia de fe de los chicos para que sientan el deseo de seguir creciendo como cristianos comprometidos con la comunidad. Dar profundidad y calidad pastoral a una etapa que consideramos clave de nuestro itinerario, con el objetivo de ayudar en la formaci\u00f3n y maduraci\u00f3n de unos pilares firmes de fe de los [&hellip;]<\/p>\n","protected":false},"author":6,"featured_media":0,"parent":0,"menu_order":0,"comment_status":"closed","ping_status":"closed","template":"","meta":{"_et_pb_use_builder":"on","_et_pb_old_content":"","_et_gb_content_width":"","footnotes":""},"class_list":["post-9631","page","type-page","status-publish","hentry"],"yoast_head":"<!-- This site is optimized with the Yoast SEO plugin v27.3 - https:\/\/yoast.com\/product\/yoast-seo-wordpress\/ -->\n<title>ADS - Centro Juvenil Adelante<\/title>\n<meta name=\"robots\" content=\"index, follow, max-snippet:-1, max-image-preview:large, max-video-preview:-1\" \/>\n<link rel=\"canonical\" href=\"https:\/\/trinidad.salesianos.edu\/centrojuvenil\/ads\/\" \/>\n<meta property=\"og:locale\" content=\"es_ES\" \/>\n<meta property=\"og:type\" content=\"article\" \/>\n<meta property=\"og:title\" content=\"ADS - Centro Juvenil Adelante\" \/>\n<meta property=\"og:description\" content=\"ADS Fortalecer la experiencia de fe de los chicos para que sientan el deseo de seguir creciendo como cristianos comprometidos con la comunidad. Dar profundidad y calidad pastoral a una etapa que consideramos clave de nuestro itinerario, con el objetivo de ayudar en la formaci\u00f3n y maduraci\u00f3n de unos pilares firmes de fe de los [&hellip;]\" \/>\n<meta property=\"og:url\" content=\"https:\/\/trinidad.salesianos.edu\/centrojuvenil\/ads\/\" \/>\n<meta property=\"og:site_name\" content=\"Centro Juvenil Adelante\" \/>\n<meta property=\"article:modified_time\" content=\"2022-09-17T17:51:01+00:00\" \/>\n<meta name=\"twitter:card\" content=\"summary_large_image\" \/>\n<meta name=\"twitter:label1\" content=\"Tiempo de lectura\" \/>\n\t<meta name=\"twitter:data1\" content=\"3 minutos\" \/>\n<script type=\"application\/ld+json\" class=\"yoast-schema-graph\">{\"@context\":\"https:\\\/\\\/schema.org\",\"@graph\":[{\"@type\":\"WebPage\",\"@id\":\"https:\\\/\\\/trinidad.salesianos.edu\\\/centrojuvenil\\\/ads\\\/\",\"url\":\"https:\\\/\\\/trinidad.salesianos.edu\\\/centrojuvenil\\\/ads\\\/\",\"name\":\"ADS - Centro Juvenil Adelante\",\"isPartOf\":{\"@id\":\"https:\\\/\\\/trinidad.salesianos.edu\\\/centrojuvenil\\\/#website\"},\"datePublished\":\"2019-09-11T10:29:35+00:00\",\"dateModified\":\"2022-09-17T17:51:01+00:00\",\"breadcrumb\":{\"@id\":\"https:\\\/\\\/trinidad.salesianos.edu\\\/centrojuvenil\\\/ads\\\/#breadcrumb\"},\"inLanguage\":\"es\",\"potentialAction\":[{\"@type\":\"ReadAction\",\"target\":[\"https:\\\/\\\/trinidad.salesianos.edu\\\/centrojuvenil\\\/ads\\\/\"]}]},{\"@type\":\"BreadcrumbList\",\"@id\":\"https:\\\/\\\/trinidad.salesianos.edu\\\/centrojuvenil\\\/ads\\\/#breadcrumb\",\"itemListElement\":[{\"@type\":\"ListItem\",\"position\":1,\"name\":\"Portada\",\"item\":\"https:\\\/\\\/trinidad.salesianos.edu\\\/centrojuvenil\\\/\"},{\"@type\":\"ListItem\",\"position\":2,\"name\":\"ADS\"}]},{\"@type\":\"WebSite\",\"@id\":\"https:\\\/\\\/trinidad.salesianos.edu\\\/centrojuvenil\\\/#website\",\"url\":\"https:\\\/\\\/trinidad.salesianos.edu\\\/centrojuvenil\\\/\",\"name\":\"Centro Juvenil Adelante\",\"description\":\"P\u00e1gina oficial Salesianos Trinidad\",\"potentialAction\":[{\"@type\":\"SearchAction\",\"target\":{\"@type\":\"EntryPoint\",\"urlTemplate\":\"https:\\\/\\\/trinidad.salesianos.edu\\\/centrojuvenil\\\/?s={search_term_string}\"},\"query-input\":{\"@type\":\"PropertyValueSpecification\",\"valueRequired\":true,\"valueName\":\"search_term_string\"}}],\"inLanguage\":\"es\"}]}<\/script>\n<!-- \/ Yoast SEO plugin. -->","yoast_head_json":{"title":"ADS - Centro Juvenil Adelante","robots":{"index":"index","follow":"follow","max-snippet":"max-snippet:-1","max-image-preview":"max-image-preview:large","max-video-preview":"max-video-preview:-1"},"canonical":"https:\/\/trinidad.salesianos.edu\/centrojuvenil\/ads\/","og_locale":"es_ES","og_type":"article","og_title":"ADS - Centro Juvenil Adelante","og_description":"ADS Fortalecer la experiencia de fe de los chicos para que sientan el deseo de seguir creciendo como cristianos comprometidos con la comunidad. Dar profundidad y calidad pastoral a una etapa que consideramos clave de nuestro itinerario, con el objetivo de ayudar en la formaci\u00f3n y maduraci\u00f3n de unos pilares firmes de fe de los [&hellip;]","og_url":"https:\/\/trinidad.salesianos.edu\/centrojuvenil\/ads\/","og_site_name":"Centro Juvenil Adelante","article_modified_time":"2022-09-17T17:51:01+00:00","twitter_card":"summary_large_image","twitter_misc":{"Tiempo de lectura":"3 minutos"},"schema":{"@context":"https:\/\/schema.org","@graph":[{"@type":"WebPage","@id":"https:\/\/trinidad.salesianos.edu\/centrojuvenil\/ads\/","url":"https:\/\/trinidad.salesianos.edu\/centrojuvenil\/ads\/","name":"ADS - Centro Juvenil Adelante","isPartOf":{"@id":"https:\/\/trinidad.salesianos.edu\/centrojuvenil\/#website"},"datePublished":"2019-09-11T10:29:35+00:00","dateModified":"2022-09-17T17:51:01+00:00","breadcrumb":{"@id":"https:\/\/trinidad.salesianos.edu\/centrojuvenil\/ads\/#breadcrumb"},"inLanguage":"es","potentialAction":[{"@type":"ReadAction","target":["https:\/\/trinidad.salesianos.edu\/centrojuvenil\/ads\/"]}]},{"@type":"BreadcrumbList","@id":"https:\/\/trinidad.salesianos.edu\/centrojuvenil\/ads\/#breadcrumb","itemListElement":[{"@type":"ListItem","position":1,"name":"Portada","item":"https:\/\/trinidad.salesianos.edu\/centrojuvenil\/"},{"@type":"ListItem","position":2,"name":"ADS"}]},{"@type":"WebSite","@id":"https:\/\/trinidad.salesianos.edu\/centrojuvenil\/#website","url":"https:\/\/trinidad.salesianos.edu\/centrojuvenil\/","name":"Centro Juvenil Adelante","description":"P\u00e1gina oficial Salesianos Trinidad","potentialAction":[{"@type":"SearchAction","target":{"@type":"EntryPoint","urlTemplate":"https:\/\/trinidad.salesianos.edu\/centrojuvenil\/?s={search_term_string}"},"query-input":{"@type":"PropertyValueSpecification","valueRequired":true,"valueName":"search_term_string"}}],"inLanguage":"es"}]}},"_links":{"self":[{"href":"https:\/\/trinidad.salesianos.edu\/centrojuvenil\/wp-json\/wp\/v2\/pages\/9631","targetHints":{"allow":["GET"]}}],"collection":[{"href":"https:\/\/trinidad.salesianos.edu\/centrojuvenil\/wp-json\/wp\/v2\/pages"}],"about":[{"href":"https:\/\/trinidad.salesianos.edu\/centrojuvenil\/wp-json\/wp\/v2\/types\/page"}],"author":[{"embeddable":true,"href":"https:\/\/trinidad.salesianos.edu\/centrojuvenil\/wp-json\/wp\/v2\/users\/6"}],"replies":[{"embeddable":true,"href":"https:\/\/trinidad.salesianos.edu\/centrojuvenil\/wp-json\/wp\/v2\/comments?post=9631"}],"version-history":[{"count":14,"href":"https:\/\/trinidad.salesianos.edu\/centrojuvenil\/wp-json\/wp\/v2\/pages\/9631\/revisions"}],"predecessor-version":[{"id":10618,"href":"https:\/\/trinidad.salesianos.edu\/centrojuvenil\/wp-json\/wp\/v2\/pages\/9631\/revisions\/10618"}],"wp:attachment":[{"href":"https:\/\/trinidad.salesianos.edu\/centrojuvenil\/wp-json\/wp\/v2\/media?parent=9631"}],"curies":[{"name":"wp","href":"https:\/\/api.w.org\/{rel}","templated":true}]}}